--
-- $Header: /plus/v4/spam/precious/files/ACTIVE/demobld.sql,v 1.1 1995/12/19 02:45:17 cjones Exp $
-- Copyright (c) Oracle Corporation 1988, 1993.  All Rights Reserved.
--
--
--   This script creates the SQL*Plus demonstration tables.
--
--   It should be STARTed by each user wishing to access the tables.
--

--set termout on
--prompt Building demonstration tables.  Please wait.
--set termout off
--set feedback off

--ALTER SESSION SET NLS_LANGUAGE = AMERICAN;
--ALTER SESSION SET NLS_TERRITORY = AMERICA;

DROP TABLE IF EXISTS EMP;
DROP TABLE IF EXISTS DEPT;
DROP TABLE IF EXISTS BONUS;
DROP TABLE IF EXISTS SALGRADE;
DROP TABLE IF EXISTS DUMMY;

CREATE TABLE EMP
       (EMPNO NUMERIC(4) NOT NULL,
        ENAME VARCHAR(10),
        JOB VARCHAR(9),
        MGR NUMERIC(4),
        HIREDATE DATE,
        SAL NUMERIC(7,2),
        COMM NUMERIC(7,2),
        DEPTNO NUMERIC(2));

INSERT INTO EMP VALUES
        (7369,'SMITH','CLERK',7902,'17-DEC-80',800,NULL,20);
INSERT INTO EMP VALUES
        (7499,'ALLEN','SALESMAN',7698,'20-FEB-81',1600,300,30),
        (7521,'WARD','SALESMAN',7698,'22-FEB-81',1250,500,30),
        (7566,'JONES','MANAGER',7839,'2-APR-81',2975,NULL,20),
        (7654,'MARTIN','SALESMAN',7698,'28-SEP-81',1250,1400,30),
        (7698,'BLAKE','MANAGER',7839,'1-MAY-81',2850,NULL,30),
        (7782,'CLARK','MANAGER',7839,'9-JUN-81',2450,NULL,10),
        (7788,'SCOTT','ANALYST',7566,'09-DEC-82',3000,NULL,20),
        (7839,'KING','PRESIDENT',NULL,'17-NOV-81',5000,NULL,10),
        (7844,'TURNER','SALESMAN',7698,'8-SEP-81',1500,0,30),
        (7876,'ADAMS','CLERK',7788,'12-JAN-83',1100,NULL,20),
        (7900,'JAMES','CLERK',7698,'3-DEC-81',950,NULL,30),
        (7902,'FORD','ANALYST',7566,'3-DEC-81',3000,NULL,20),
        (7934,'MILLER','CLERK',7782,'23-JAN-82',1300,NULL,10);

CREATE TABLE DEPT
       (DEPTNO NUMERIC(2),
        DNAME VARCHAR(14),
        LOC VARCHAR(13));

INSERT INTO DEPT VALUES
                 (10,'ACCOUNTING','NEW YORK'),
                 (20,'RESEARCH','DALLAS'),
                 (30,'SALES','CHICAGO'),
                 (40,'OPERATIONS','BOSTON');

CREATE TABLE BONUS
       (ENAME VARCHAR(10),
        JOB VARCHAR(9),
        SAL NUMERIC,
        COMM NUMERIC);

CREATE TABLE SALGRADE
       (GRADE NUMERIC,
        LOSAL NUMERIC,
        HISAL NUMERIC);

INSERT INTO SALGRADE VALUES (1,700,1200);
INSERT INTO SALGRADE VALUES (2,1201,1400);
INSERT INTO SALGRADE VALUES (3,1401,2000);
INSERT INTO SALGRADE VALUES (4,2001,3000);
INSERT INTO SALGRADE VALUES (5,3001,9999);

CREATE TABLE DUMMY
       (DUMMY NUMERIC);

INSERT INTO DUMMY VALUES (0);

--COMMIT;

-- EXIT;
